, -12*z = -7*z + x - 8. Let o(b) = 63*b**2 + b. Let h be o(z). Calculate the highest common divisor of h and 8.
8
Let a(o) = -41*o**2 - 652*o + 20. Let u be a(-12). What is the highest common factor of u and 260?
20
Suppose 0 = 3*c - 43 - 14. Let t be -2*(2 - (-4 - -4)) - -536. Suppose t = -15*o + 22*o. What is the greatest common divisor of c and o?
19
Let t(d) = 97*d + 2277. Let l be t(-21). Calculate the greatest common divisor of l and 1360.
80
Let v = -19978 - -24955. What is the highest common divisor of v and 395?
79
Suppose v = -4*v - 425. Suppose 34*p - 36*p - 6 = 0, -o - 3*p = 68. Let g = o - v. Calculate the greatest common factor of g and 286.
26
Suppose 0*y - 5*o + 369 = 4*y, -87 = -y + 4*o. Let d be (168/(-21))/((-8)/52). Calculate the highest common divisor of y and d.
13
Let u = -11 + 7. Let f be (-6)/u*(-42)/(-9). Let i = -4347 + 4424. What is the highest common divisor of i and f?
7
Let r(i) = 3*i**2 - 199*i + 234. Let j be r(85). Calculate the highest common factor of j and 22.
22
Let y(w) = -38*w - 69. Let k be y(-3). What is the greatest common divisor of k and 8145?
45
Suppose 3*o + 0*o = 3. Suppose -535*s + 25896 = 180*s + 3016. Calculate the greatest common divisor of s and o.
1
Let k be (-3)/(-2)*8/6*-1. Let z be k/(-8) - (-1106)/56. Suppose 72 = z*h - 17*h. Calculate the highest common factor of 48 and h.
24
Let l(n) = -19*n - 28*n - 19*n + 28 + 68*n. Let s be l(16). What is the highest common divisor of 24 and s?
12
Suppose -g + 2*r = -76, 4*g + 4*r - 185 + 1 = 0. Let t(c) = -c**3 + 10*c**2 - 8*c - 8. Let q be t(8). Calculate the greatest common divisor of q and g.
56
Suppose -517*w + 521*w = 41108. Calculate the greatest common factor of w and 43.
43
Let x = -51 - -54. Suppose -3*z - 2 = 2*b + 2, 6 = -2*z - x*b. Let h be z - ((-28)/(-49) - (-214)/(-7)). What is the highest common factor of 60 and h?
30
Let r(z) = -15*z + 66. Let k be r(-8). Suppose k = 30*q - 33*q. Let m = q - -88. Calculate the highest common divisor of m and 65.
13
Let q be (-1)/(2 + -5)*15. Suppose -9*p = -3*c - 4*p + 226, q*c = p + 384. Calculate the greatest common divisor of 7 and c.
7
Let w(g) = -38*g**2 - 4*g - 3. Let m be w(-2). Let d = 81 - m. Calculate the highest common factor of 24 and d.
12
Let q(o) = -o. Let f be q(6). Let a be (-2)/((-4)/f) - (-390)/10. Suppose 3*p + 3*p - a = 0. What is the greatest common divisor of p and 30?
6
Let i(w) = -50*w + 410. Let f be i(8). Suppose 0 = -43*j - f*j + 1484. What is the highest common divisor of 8 and j?
4
Let v be 31752/(-105)*65/(-26). What is the greatest common factor of v and 224?
28
Suppose -11*x = 2583 + 13. Let r = -221 - x. Calculate the greatest common factor of 6 and r.
3
Let w = 103 - 102. Let m be w + -3*(2 + -10). Calculate the highest common factor of m and 325.
25
Let q be (59 - 9)*(-720)/(-100). Calculate the highest common factor of q and 216.
72
Let m(r) = 17*r**3 + 115*r**2 - 32*r - 8. Let c be m(-7). What is the highest common divisor of 44 and c?
4
Let v = 467 - 505. Let x(n) = -n**2 - 52*n - 84. Let y be x(v). What is the greatest common factor of 7 and y?
7
Let j be 12/((-24)/(-14)) + 240. Let l be (-58)/(-18) + (-4)/18. Suppose r = -l*r + 52. What is the greatest common factor of j and r?
13
Suppose -d = 3*d + 5*u - 85, 5*d - u - 99 = 0. Suppose 5*s + 3*y = 5 - 0, 0 = -3*s - 5*y + 19. Let h = s + 7. Calculate the greatest common divisor of h and d.
5
Suppose 65*i = 68*i - 12. Suppose 2*f + 400 = i*u, 2*f + 416 = 4*u + 4*f. Calculate the highest common factor of u and 6.
6
Suppose 23*s - 40*s = -6120. Suppose 8*a = 5*a - 5*q + 216, -5*a - 4*q + s = 0. Calculate the highest common divisor of a and 9.
9
Let k(w) = -15*w**2 + 12*w**2 - w**3 - 7 + 7*w**2 + 3*w. Suppose -2*o + 12 = 4. Let m be k(o). Calculate the greatest common factor of 25 and m.
5
Let u be -15*2/(-9 + 3). Let q = -212 + 208. Let n = q + 19. Calculate the highest common factor of n and u.
5
Suppose -2*g = -f + 2192 - 366, -3*g = 9. Let k be f/90 - 2/9. Calculate the highest common divisor of 180 and k.
20
Let j be (24/(-9) + 2)*(-1178 + -1). Suppose -j - 438 = -24*q. Calculate the highest common factor of q and 1377.
51
Let z(c) = -14*c. Let y be z(-4). Suppose 3*n - 820 = 4*s - 9117, 5*s - n = 10374. Let j = -2051 + s. Calculate the greatest common divisor of j and y.
8
Let q be 4/24 - (-542)/(-12) - 0. Suppose -8 = -4*x, 8*x - 190 = -2*c + 3*x. Let g = c + q. What is the highest common divisor of 30 and g?
15
Let j = -2462 + 2516. What is the highest common divisor of j and 2?
2
Let k be -6*((-335)/12)/((-2)/(-4)). What is the highest common divisor of 737 and k?
67
Let x(o) = -17*o + 156. Let l(r) = 53*r - 468. Let i(d) = -2*l(d) - 7*x(d). Let h be i(14). Calculate the highest common divisor of h and 481.
13
Let t = 3936 - 3912. Calculate the highest common divisor of 42 and t.
6
Suppose -4*a + 1912 = 2*l, 2*l - 1265 = 4*a + 647. Calculate the highest common factor of 2151 and l.
239
Let i = 20 + 29. Suppose -13*r + 6125 = 12*r. What is the greatest common divisor of r and i?
49
Let d(l) be the first derivative of l**4/4 + l**3 - l**2 + l - 99. Let n be d(-3). What is the greatest common divisor of n and 49?
7
Suppose 29*h = -25*h + 16308. Suppose -2*x + 140 + h = 0. What is the highest common factor of 51 and x?
17
Let l be ((-2908)/42)/((-63)/2268)*7. Calculate the highest common factor of 48 and l.
24
Suppose 0 = -317*r + 34929 + 23399. Calculate the greatest common factor of 296 and r.
8
Suppose -4*r + f = -424, 347*r = 345*r - 5*f + 168. Calculate the greatest common divisor of 2016 and r.
8
Let w = -1207 + 1225. Let u be (1 - 0) + (-153)/(-3). Let x = -25 + u. Calculate the highest common divisor of x and w.
9
Let w = -110 - -112. Suppose n - 48 = -4*x + 5*n, -w*x - n = -18. What is the greatest common divisor of x and 110?
10
Suppose -6*u - 248 + 176 = 0. Let g be (-8)/u + 0 + (-1576)/(-12). What is the greatest common factor of g and 12?
12
Let a(j) = j**2 - 18*j - 78. Let p be a(22). Let z = 269 + -79. What is the highest common divisor of z and p?
10
Suppose -57 = 24*b + 15. Let r be (-44 - -50)*(1 - (-2)/b). Calculate the greatest common factor of r and 14.
2
Let r be 0 + 191 - 2 - 4. Suppose -2*q = 61*b - 60*b - 43, -3*q + 2*b + 54 = 0. Calculate the highest common factor of q and r.
5
Let j = 28973 + -25463. What is the highest common factor of j and 2223?
117
Let w = -15409 + 22159. What is the greatest common divisor of 70 and w?
10
Let v(j) = -13*j**3 - j**2 + j. Let d be v(-2). Let b = 254832 - 254720. What is the highest common divisor of b and d?
14
Suppose -396*k - 440*k = -911*k + 1648125. What is the greatest common factor of 75 and k?
75
Let t be (-152)/((-9)/90*4). Suppose -25*u + 870 = -t. What is the highest common factor of 800 and u?
50
Let k(w) = 4*w - 136. Let a be k(36). What is the highest common divisor of 168 and a?
8
Let o = 48029 + -47877. Calculate the highest common divisor of o and 6726.
38
Let n be ((-12)/(-14))/((-850)/(-2975)). Calculate the highest common factor of n and 1470.
3
Let d be (198/4)/(10/20). Suppose x + 134 = 2*h, d + 43 = 2*h - 3*x. Suppose 0 = 9*w - 30 - 15. Calculate the greatest common divisor of h and w.
5
Let y(z) = -14*z + 7. Let l(w) = -70*w + 36. Let m(s) = -3*l(s) + 16*y(s). Suppose 3*h - 8 = -26. Let o be m(h). What is the greatest common divisor of 8 and o?
8
Let o(x) = -19*x - 20*x + 53*x + 70 - 18*x - 14. Let y be o(8). What is the highest common factor of y and 128?
8
Suppose 0 = -584*r + 534*r + 409500. Calculate the highest common divisor of 420 and r.
210
Let y = -5141 - -8416. Calculate the highest common divisor of y and 1048.
131
Suppose -3*c + 109 = -2*n, -5*n - 5*c + 99 = -7*n. Let p = n - -80. What is the highest common factor of p and 9?
9
Let l(z) = z**3 - 3*z**2 + 13*z - 23. Let h be l(7). What is the highest common divisor of h and 8272?
88
Let j = 1462 + -1451. What is the highest common divisor of 1584 and j?
11
Let a be 1546/6 + 2 + 80/60. Let w(o) = o**3 + 11*o**2 + o - 61. Let v be w(-10). What is the highest common factor of v and a?
29
Let f be 16432/6 - ((-1020)/(-45) - 23). What is the highest common divisor of 33 and f?
33
Let k(y) = -y**2 - 13*y - 31. Let u be k(-4). Suppose -7*o + 3*o + 12 = u*d, -2*o +